= -2*o + 317, 4*o = u + 633 - 4. Suppose 24*d - o = -36. What is the highest common factor of 15 and d?
5
Let g be 5 + 5967 + (-3 - (-9 + 0)). Calculate the greatest common divisor of g and 122.
122
Let x be (275 - (-9 + 11)) + (-2 - 2). Let y = x - 241. Calculate the highest common divisor of y and 126.
14
Let k be (-126)/(-63) + 612/5 + (-4)/10. Calculate the greatest common divisor of k and 12.
4
Let h be -2 + (12*36/(-48))/((-6)/218). What is the greatest common divisor of h and 25?
25
Let m = 18 + -16. Let n be m/3*75/10. Let o = -123 - -138. What is the greatest common divisor of o and n?
5
Suppose w - 3 = 0, 110*c + 4*w = 115*c - 198. Calculate the greatest common factor of c and 24906.
42
Suppose f + s = 20, 5*f - 3*s = 128 + 20. What is the highest common factor of 2249 and f?
13
Let w(l) = -6*l**2 - 55*l + 24. Let b be w(-8). Suppose -19*g + 11*g + 80 = 0. Calculate the greatest common factor of g and b.
10
Suppose -21*m + 2*m = 11571. Let x = -15 - m. What is the highest common factor of 22 and x?
22
Let y = 4161 - 3958. What is the highest common factor of 581 and y?
7
Suppose -2*f - 2*f + 248 = 0. Let d(r) = -86*r + 234. Let j be d(2). Calculate the highest common divisor of j and f.
62
Let u be 8/(-20) + (-236)/10. Let j be -3*((-18)/u - (-14)/(-8)). Suppose -67 = -3*n + l + 4, -3*n + 51 = j*l. What is the highest common divisor of 33 and n?
11
Let u(f) = f**2 - 35*f + 46. Suppose 5*d + 19 = g, -77*d + 80*d = 4*g - 127. Let z be u(g). Calculate the highest common factor of z and 3.
3
Suppose -97*d = -415*d + 1048446. Calculate the highest common divisor of d and 210.
21
Suppose 58*z - 12881 = 27719. Calculate the highest common factor of z and 500.
100
Let i(g) = -g**2 - 49*g + 20. Let o be i(-28). Suppose o - 1600 = -32*w. Calculate the greatest common divisor of w and 310.
31
Let v = 52 + -20. Let i = 34 - v. Suppose -q - 3 = -3*n - 1, i*q + 3 = 5*n. What is the greatest common divisor of q and 3?
1
Let a be (3 + (-11)/3)/(4/1074). Let w = a - -215. Calculate the greatest common factor of 162 and w.
18
Let j = -2570 - -13522. Calculate the highest common divisor of j and 888.
296
Let q be 490 + (54/9 - 7 - 5). Calculate the greatest common divisor of q and 220.
44
Let w be 14/21*261*45/18. Calculate the highest common divisor of w and 165.
15
Let x(g) = -g**3 + 5*g**2 + 3*g - 6. Suppose -16 = 4*w - 2*u, 4*w + 20 = -w - 3*u. Let s be x(w). What is the greatest common divisor of s and 42?
42
Suppose k - 740 - 50 = 0. Calculate the greatest common factor of 1106 and k.
158
Let p(n) = 77*n - 58. Let t be p(38). What is the highest common divisor of 264 and t?
12
Suppose -66*k - 3*d - 8121 = -69*k, -5*d = 20. What is the greatest common divisor of k and 51?
51
Suppose 9*a - 12*a = -105. Let w = a - -124. What is the highest common divisor of w and 106?
53
Let h(i) = -i**3 + 12*i**2 - 20*i - 17. Let o(v) = -6*v + 66. Let k be o(10). Let g be h(k). Calculate the greatest common factor of 79 and g.
79
Suppose -79*i - 109*i + 882167 = -1032801. What is the greatest common divisor of 22 and i?
22
Let l(o) = 16 + 0*o**2 + 11*o**2 + 22*o**3 - 11*o**3 - 32*o - 10*o**3. Let f be l(-13). Calculate the highest common factor of f and 47.
47
Suppose 3*f = 4*t + 159, 6*f = f - 5*t + 230. Let b be (-4)/(-30) + 64/(-30) + 3. Calculate the greatest common factor of f and b.
1
Suppose -5*n + 73 = -4*n - 2*b, 0 = 4*n - b - 264. Suppose 0 = -3*o + 2*a + 6 + n, 4*o = 5*a + 104. What is the greatest common divisor of 7 and o?
7
Let m(q) = -4*q - 76. Let x be m(-14). Let n be (-3)/2 - 8710/x. Suppose -4*r + s + s = -n, -5*r + 5*s = -535. What is the highest common factor of 44 and r?
22
Let z be (10 - -77)/(1/2). Let p = z - 156. Let w(y) = -y**3 - y**2 + y + 45. Let l be w(0). What is the greatest common divisor of p and l?
9
Suppose 0 = -14*h + 10885 + 21875. Suppose -35*g + 53*g - h = 0. Calculate the greatest common divisor of 20 and g.
10
Suppose -9*g = 35*g - 128216. What is the greatest common factor of 376 and g?
94
Let d(f) = 2*f + 23. Suppose -5*w = -3*w - 28. Let j be (40/w)/(1 - 20/28). Let n be d(j). Calculate the greatest common divisor of n and 215.
43
Let k = -55 - -50. Let l(i) = i**3 + 6*i**2 + 4*i + 3. Let t be l(k). Suppose 2*d - t = 46. What is the highest common factor of 3 and d?
3
Suppose -19*u + 24*u + 3*b - 37 = 0, 3*b = -4*u + 26. What is the greatest common factor of 4895 and u?
11
Let g = -16 - -17. Let b be ((-18)/3)/6 + -5*g. Let u(s) = -2*s**3 - 11*s**2 - 6. Let k be u(b). Calculate the greatest common factor of k and 20.
10
Let h be (5 - 26/6)/(2/(-36)). Let l be (-10)/15 + (-200)/h. What is the greatest common factor of l and 272?
16
Let q = 5276 - 4946. What is the greatest common divisor of q and 2750?
110
Suppose -9*v = -7514 - 14410. Suppose v = 4*a + 916. Calculate the greatest common factor of 38 and a.
38
Suppose -m - c + 444 = 0, 4*c = 3*m - 991 - 341. Calculate the highest common divisor of m and 37.
37
Let j = -1614 + 5094. Calculate the greatest common factor of j and 8.
8
Let h = -1719 + 966. Let z = h - -818. What is the greatest common factor of 195 and z?
65
Let s(i) = -20*i - 192. Suppose -5*c - 48 = 3*o + 62, -3*o - 34 = c. Let n be s(c). What is the highest common factor of n and 4?
4
Suppose -584 = -4*w - 5*d + 4677, 1294 = w - 3*d. Calculate the greatest common factor of w and 68.
17
Suppose 93*d = 85*d. Suppose 2*r + d*n = -2*n - 6, -2*r = -4*n - 18. Calculate the highest common divisor of 27 and r.
1
Let w(f) = -f**2 + 5*f + 16. Let b be w(-2). Suppose 4*s - 4*k = 56, -86 = -7*s + b*s + k. Calculate the greatest common factor of 261 and s.
9
Suppose 605 = 3*u - 5*c - 511, -2*u + 769 = 5*c. Suppose 0 = -5*i + h + 141, -4*i + 2*i - h = -62. What is the highest common factor of u and i?
29
Let n(a) = -25*a - 296. Let f be n(-12). Let b(y) = -83*y - 3. Let k be b(-3). Suppose -f*v = -414 - k. Calculate the greatest common divisor of v and 15.
15
Suppose 15*h - 14*h + u - 193 = 0, 0 = -h - 4*u + 187. What is the highest common factor of h and 345?
15
Suppose 0 = -p - 102 - 35. Let l = p - -214. Suppose -5*n + 3*q = -40, 30*n - 27 = 28*n - q. What is the highest common divisor of l and n?
11
Let k be -14 + 7 + -2 + -1. Let b be (k/(-4))/(4/456). Calculate the highest common factor of b and 114.
57
Let z = 20 + -17. Suppose -s = -4*g - 5, z*g + s = 2*g - 5. Let y be ((-2)/(g/(-75)))/(-1). Calculate the greatest common factor of y and 25.
25
Let t = -1851 - -1933. What is the highest common factor of 205 and t?
41
Let i be (-10 + (-190)/(-15))/((-2)/(-3)). Suppose -125 = -3*y - i*t + 147, 0 = y - t - 79. Calculate the highest common divisor of y and 12.
12
Let c(t) = 105*t. Let m be c(1). Suppose -i + 264 = 2*i. Suppose -2*d = 4*y - 65 - 15, -4*y - i = -2*d. Calculate the highest common divisor of d and m.
21
Let a be ((-210)/(-12))/(2/20). Let o = -124 + a. Suppose -1357*w + 314 = -1287*w - 876. What is the highest common divisor of w and o?
17
Suppose 2 = -0*h + 2*h, -2*j - 5*h = -71. Calculate the greatest common factor of j and 2607.
33
Suppose -27*o - 125 + 174 + 167 = 0. Calculate the highest common factor of o and 3928.
8
Let c(n) = n**2 + 34*n - 104. Let a = 224 - 261. Let s be c(a). What is the highest common factor of s and 112?
7
Let c be (5/(-5) + 1)*1. Suppose -6*z + 128 + 100 = c. What is the highest common divisor of 114 and z?
38
Suppose -3*q + 3 + 27 + 15 = 0. Suppose 3*c + x - 1 = -0*c, 5*c + 2*x = 0. Let t be c - (-206)/(-4)*-2. Calculate the highest common factor of t and q.
15
Suppose -g = -3*g + 2*p - 2, -1 = -5*g + 3*p. Suppose r + 43 = g*h - 16, -1 = -r. Let o be ((-15)/(-1))/(3/2). What is the greatest common factor of o and h?
10
Let q = -152 + 140. Let y be 46 + 6 + q - 2. Calculate the greatest common divisor of 95 and y.
19
Let z(y) = 221*y - 26038. Let a be z(118). Let q = -2 - -5. Suppose -4*s = -q*s - 16. Calculate the highest common factor of s and a.
8
Let q = 354 + -328. Let u(l) = -l - 7. Let c be u(-7). Suppose 3*y - 4*b = 137, 0 = -5*y - b - c*b + 190. What is the highest common divisor of q and y?
13
Suppose 3*n - 2*o - 114 = 0, n + 5*o = -n + 57. Let z be 15/5 + -1*57*-1. Calculate the greatest common factor of n and z.
12
Suppose 68 = 5*l - 3*d, d - 52 = -15*l + 